{"id":1603,"date":"2021-07-31T00:48:06","date_gmt":"2021-07-31T00:48:06","guid":{"rendered":"http:\/\/wlc.gpedu.com.br\/?page_id=1603"},"modified":"2025-07-18T12:20:46","modified_gmt":"2025-07-18T12:20:46","slug":"iii-we-learning-with-the-city","status":"publish","type":"page","link":"https:\/\/www.unisinos.br\/wlc\/iii-we-learning-with-the-city\/","title":{"rendered":"III We Learning With the City"},"content":{"rendered":"<p>[vc_row][vc_column]<div class=\"eltdf-section-title-holder\" style=\"text-align: center\">\n\t\t\t<h3 class=\"eltdf-st-title\" >\n\t\t\t<span>III We Learning With the City<\/span>\n\t\t<\/h3>\n\t\t<\/div>[vc_empty_space][vc_column_text]<\/p>\n<p style=\"text-align: justify;\">O We Learning with the City \u2013 WLC \u00e9 um evento organizado com o objetivo de socializar os projetos de aprendizagem gamificados, os jogos desenvolvidos pelos estudantes das escolas municipais de S\u00e3o Leopoldo, bem como para oportunizar que estes estudantes realizem oficinas para os demais participantes. O WLC 2018, que foi a terceira edi\u00e7\u00e3o evento, aconteceu nos dias 3, 4 e 5 de dezembro de 2018 no campus da UNISINOS S\u00e3o Leopoldo e contou com de 11 escolas de S\u00e3o Leopoldo, Novo Hamburgo e Bento Gon\u00e7alves, contando com um total de 250 estudantes!<\/p>\n<p style=\"text-align: justify;\">O evento \u00e9 organizado e protagonizado pelos estudantes, com o apoio do GPe-dU e dos professores das escolas que fazem parte do Projeto \u201cA cidade como espa\u00e7o de Aprendizagem: games e gamifica\u00e7\u00e3o na constitui\u00e7\u00e3o de Espa\u00e7os de Conviv\u00eancia H\u00edbridos, Multimodais, Pervasivos e Ub\u00edquos para o desenvolvimento da Cidadania\u201d.<\/p>\n<p style=\"text-align: justify;\">Durante os tr\u00eas dias do evento ocorreram atividades diversas, incluindo um passeio guiado pela cidade com uma narrativa interativa (criada por alunos) para os pesquisadores do GPe-dU e PROMOB\/Fapitec, atividades culturais com a participa\u00e7\u00e3o do Grupo de dan\u00e7a Explos\u00e3o, Apresenta\u00e7\u00e3o dos Projetos de Gamifica\u00e7\u00e3o da Cidade de S\u00e3o Leopoldo pelas escolas participantes e diversas oficinas ministradas pelos estudantes e pesquisadores.<\/p>\n<p style=\"text-align: justify;\">Para saber mais sobre as atividades realizadas, assista o v\u00eddeo resumo <a href=\"https:\/\/www.youtube.com\/watch?v=wWiLNtR5mE8\">clicando aqui.<\/a><\/p>\n<div style=\"overflow: hidden; height: 1px;\">\n<h1>Paysafecard Maksutavan Historia Kasinord Selvityksess\u00e4<\/h1>\n<p>Paysafecard on kehittynyt yhdeksi merkitt\u00e4vimmist\u00e4 prepaid-maksutavoista digitaalisessa maailmassa, erityisesti verkkokasinoiden alalla. T\u00e4m\u00e4 it\u00e4valtalainen innovaatio on muuttanut tapaa, jolla pelaajat suorittavat talletuksia ja hallitsevat pelibudjettejaan. Maksutavan historia heijastaa laajempaa kehityst\u00e4 kohti turvallisempia ja yksityisyytt\u00e4 suojaavia maksuratkaisuja verkossa.<\/p>\n<h2>Paysafecardin synty ja varhainen kehitys<\/h2>\n<p>Paysafecard perustettiin vuonna 2000 Wieniss\u00e4, It\u00e4vallassa, vastauksena kasvavaan tarpeeseen turvallisille verkkomaksuille. Yrityksen perustajat tunnistivat markkinoilla olevan aukon: monet kuluttajat halusivat tehd\u00e4 verkko-ostoksia paljastamatta henkil\u00f6kohtaisia pankkitietojaan. Alkuper\u00e4inen konsepti perustui prepaid-kuponkeihin, jotka voitiin ostaa fyysisist\u00e4 myyntipisteist\u00e4.<\/p>\n<p>Ensimm\u00e4iset Paysafecard-kupongit olivat saatavilla vain muutamissa Euroopan maissa, mutta palvelu laajeni nopeasti. Vuoteen 2005 menness\u00e4 Paysafecard oli jo saatavilla yli 10 maassa, ja sen suosio kasvoi erityisesti verkkopeliyhteis\u00f6ss\u00e4. Yritys kehitti 16-numeroista PIN-koodij\u00e4rjestelm\u00e4\u00e4, joka mahdollisti turvallisen maksutavan ilman pankkikorttien tai luottokorttien k\u00e4ytt\u00f6\u00e4.<\/p>\n<p>Vuonna 2013 Paysafecard Group fuusioitiin Optimal Payments -yhti\u00f6n kanssa, mik\u00e4 vahvisti sen asemaa kansainv\u00e4lisess\u00e4 maksuliikenteess\u00e4. T\u00e4m\u00e4 strateginen yhdistyminen mahdollisti palvelun laajentamisen uusille markkinoille ja teknologian kehitt\u00e4misen edelleen.<\/p>\n<h2>Kasinoteollisuuden mullistuminen<\/h2>\n<p>Verkkokasinoiden r\u00e4j\u00e4hdysm\u00e4inen kasvu 2000-luvun alussa loi t\u00e4ydellisen ymp\u00e4rist\u00f6n Paysafecardin menestykselle. Perinteisesti kasinotalletukset vaativat luottokorttien tai pankkisiirtojen k\u00e4ytt\u00f6\u00e4, mik\u00e4 aiheutti monille pelaajille huolta yksityisyydest\u00e4 ja turvallisuudesta. Paysafecard tarjosi ratkaisun, joka mahdollisti nimett\u00f6m\u00e4t talletukset ilman pankkitietojen jakamista.<\/p>\n<p>Maksutavan suosio kasinoissa johtui useista tekij\u00f6ist\u00e4. Ensinn\u00e4kin se tarjosi v\u00e4litt\u00f6m\u00e4t talletukset, mik\u00e4 oli ratkaisevan t\u00e4rke\u00e4\u00e4 pelaajille, jotka halusivat aloittaa pelaamisen heti. Toiseksi prepaid-luonne auttoi pelaajia hallitsemaan pelibudjettejaan paremmin, koska he saattoivat k\u00e4ytt\u00e4\u00e4 vain ennalta ostetun kupongin arvon verran.<\/p>\n<p>Vuoteen 2010 menness\u00e4 Paysafecard oli tullut standardimaksutavaksi useimmissa luotettavissa Paysafecard kasinoissa, ja sen k\u00e4ytt\u00f6 laajeni my\u00f6s muihin verkkopalveluihin. Kasinoteollisuus alkoi mukautua t\u00e4h\u00e4n uuteen maksutapaan kehitt\u00e4m\u00e4ll\u00e4 erityisi\u00e4 bonuksia ja kampanjoita Paysafecard-k\u00e4ytt\u00e4jille.<\/p>\n<p>S\u00e4\u00e4ntelymuutokset eri maissa alkoivat vaikuttaa Paysafecardin k\u00e4ytt\u00f6\u00f6n kasinoissa 2010-luvun puoliv\u00e4liss\u00e4. Monet maat alkoivat vaatia tiukempaa henkil\u00f6llisyyden todentamista ja rahanpesun est\u00e4mistoimia, mik\u00e4 haastoi Paysafecardin alkuper\u00e4isen anonymiteetin.<\/p>\n<h2>Teknologinen kehitys ja digitalisaatio<\/h2>\n<p>\u00c4lypuhelinten yleistyminen muutti Paysafecardin k\u00e4ytt\u00f6kokemusta merkitt\u00e4v\u00e4sti. Vuonna 2015 lanseerattu Paysafecard-mobiilisovellus toi palvelun k\u00e4ytt\u00e4jien taskuihin, mahdollistaen kuponkien ostamisen ja hallinnan suoraan puhelimesta. T\u00e4m\u00e4 kehitys oli erityisen t\u00e4rke\u00e4 kasinopelaajille, jotka siirtyiv\u00e4t yh\u00e4 enemm\u00e4n mobiilipelaamiseen.<\/p>\n<p><a href=\"https:\/\/kasinord.com\/paysafecard-kasinot\/\">My Paysafecard <\/a>-tilij\u00e4rjestelm\u00e4n k\u00e4ytt\u00f6\u00f6notto vuonna 2016 merkitsi merkitt\u00e4v\u00e4\u00e4 muutosta palvelussa. K\u00e4ytt\u00e4j\u00e4t saattoivat nyt yhdist\u00e4\u00e4 useita kuponkeja yhteen tiliin ja suorittaa suurempia maksuja. T\u00e4m\u00e4 kehitys vastasi kasinopelaajien tarpeisiin, jotka halusivat tehd\u00e4 suurempia talletuksia.<\/p>\n<p>Blockchain-teknologian ja kryptovaluuttojen nousu loi uusia haasteita ja mahdollisuuksia Paysafecardille. Yritys alkoi tutkia tapoja integroida uusia teknologioita palveluunsa s\u00e4ilytt\u00e4en samalla perinteisen prepaid-mallin edut.<\/p>\n<h2>Nykyinen markkina-asema ja tulevaisuuden n\u00e4kym\u00e4t<\/h2>\n<p>T\u00e4n\u00e4\u00e4n Paysafecard on saatavilla yli 50 maassa ja sit\u00e4 hyv\u00e4ksyy tuhansia verkkokauppiaita, mukaan lukien merkitt\u00e4v\u00e4 osa maailman verkkokasinoista. Yrityksen liikevaihto ylitti 2 miljardia euroa vuonna 2020, mik\u00e4 osoittaa prepaid-maksutapojen jatkuvan suosion.<\/p>\n<p>COVID-19-pandemia kiihdytti digitaalisten maksutapojen k\u00e4ytt\u00f6\u00f6nottoa, ja Paysafecard hy\u00f6tyi t\u00e4st\u00e4 kehityksest\u00e4. Verkkokasinoiden k\u00e4ytt\u00f6 kasvoi merkitt\u00e4v\u00e4sti lockdown-aikoina, ja Paysafecard-talletusten m\u00e4\u00e4r\u00e4 nousi vastaavasti.<\/p>\n<p>S\u00e4\u00e4ntelyymp\u00e4rist\u00f6n muutokset jatkavat vaikuttamistaan Paysafecardin toimintaan. Euroopan unionin PSD2-direktiivi ja kansalliset uhkapelilait vaativat yh\u00e4 tiukempaa k\u00e4ytt\u00e4jien tunnistamista ja transaktioiden seurantaa. T\u00e4m\u00e4 on johtanut palvelun osittaiseen muuttumiseen alkuper\u00e4isest\u00e4 t\u00e4ysin anonyymist\u00e4 mallista.<\/p>\n<p>Tulevaisuudessa Paysafecard joutuu kilpailemaan uusien fintech-ratkaisujen kanssa, mukaan lukien digitaaliset lompakot ja pikamaksusovellukset. Kuitenkin sen vahva asema prepaid-markkinoilla ja erityisesti kasinoteollisuudessa antaa hyv\u00e4n perustan tulevaisuuden kasvulle.<\/p>\n<p>Paysafecardin matka it\u00e4valtalaisesta startupista kansainv\u00e4liseksi maksuj\u00e4ttil\u00e4iseksi kuvastaa digitaalisen talouden kehityst\u00e4. Sen vaikutus verkkokasinoiden maksutapoihin on ollut mullistava, ja palvelu on onnistunut sopeutumaan muuttuviin markkinaolosuhteisiin ja s\u00e4\u00e4ntelyvaatimuksiin. Vaikka tulevaisuus tuo mukanaan uusia haasteita, Paysafecardin vakiintunut asema ja jatkuva innovaatio takaavat sen merkityksen my\u00f6s tulevina vuosina.<\/p>\n<\/div>\n<p>[\/vc_column_text][vc_empty_space]<div class=\"eltdf-portfolio-list-holder eltdf-pl-gallery eltdf-pl-one-column eltdf-pl-normal-space eltdf-pl-info-below-image eltdf-pl-hover-image-zoom\"  data-next-page=\"2\" data-type=\"gallery\" data-number-of-columns=\"1\" data-space-between-items=\"normal\" data-number-of-items=\"-1\" data-image-proportions=\"full\" data-order-by=\"date\" data-order=\"ASC\" data-info-position=\"below-image\" data-image-hover-type2=\"image-zoom\" data-disable-title=\"no\" data-title-tag=\"h4\" data-disable-category=\"no\" data-disable-excerpt=\"yes\" data-excerpt-length=\"20\" data-enable-variable-width=\"no\" data-pagination=\"yes\" data-max-num-pages=\"0\"><div class=\"eltdf-pl-inner clearfix\"><div class=\"eltdf-pl-grid-sizer\"><\/div><div class=\"eltdf-pl-grid-gutter\"><\/div><article class=\"eltdf-pl-item eltdf-box-shadow post-249 portfolio-item type-portfolio-item status-publish has-post-thumbnail hentry portfolio-category-5 portfolio_category_0 portfolio_category_5 portfolio_category_0\">\n\t<div class=\"eltdf-pl-item-inner\">\n\t\t<div class=\"eltdf-pli-image\">\n                            <div class=\"eltdf-pli-image-shader\" ><\/div>\n            \t\t\t\t\t\t\t<img width=\"1280\" height=\"526\" src=\"https:\/\/www.unisinos.br\/wlc\/wp-content\/uploads\/2020\/10\/2018.jpg\" class=\"attachment-full size-full wp-post-image\" alt=\"\" loading=\"lazy\" srcset=\"https:\/\/www.unisinos.br\/wlc\/wp-content\/uploads\/2020\/10\/2018.jpg 1280w, https:\/\/www.unisinos.br\/wlc\/wp-content\/uploads\/2020\/10\/2018-300x123.jpg 300w, https:\/\/www.unisinos.br\/wlc\/wp-content\/uploads\/2020\/10\/2018-1024x421.jpg 1024w, https:\/\/www.unisinos.br\/wlc\/wp-content\/uploads\/2020\/10\/2018-768x316.jpg 768w\" sizes=\"(max-width: 1280px) 100vw, 1280px\" \/>\t\t\t\t\t\t\t\t<\/div>\n\t\t\t\t\t<div class=\"eltdf-pli-text-holder\" >\n\t\t\t\t<div class=\"eltdf-pli-text-wrapper\">\n\t\t\t\t\t<div class=\"eltdf-pli-text\" >\n\t\t\t\t\t\t<div class=\"eltdf-pli-text-inner\">\n\t\t\t\t\t\t\t\t\t\t\t\t\t<h4 itemprop=\"name\" class=\"eltdf-pli-title entry-title\" >\n\t\t\t\t\t\t\t\tIII We Learning With the City\t\t\t\t\t\t\t<\/h4>\n\t\t\t\t\t\t\n\t\t\t\t\t\t<div class=\"eltdf-ptf-category-holder\" style=\"color: ;\"><span>2018<\/span><\/div>\t\t\t\t\t\n\t\t\t\t\t\t\t\t\t\t\t<\/div>\n\t\t\t<\/div>\n\t\t\t\t<\/div>\n\t\t\t<\/div>\n\t\t\t\t<a itemprop=\"url\" class=\"eltdf-pli-link\" href=\"https:\/\/www.unisinos.br\/wlc\/portfolio-item\/iii-we-learning-with-the-city\/\" target=\"_self\"><\/a>\n\t<\/div>\n<\/article><\/div><\/div>[\/vc_column][\/vc_row]<\/p>\n","protected":false},"excerpt":{"rendered":"<p>[vc_row][vc_column][vc_empty_space][vc_column_text] O We Learning with the City \u2013 WLC \u00e9 um evento organizado com o objetivo de socializar os projetos de aprendizagem gamificados, os jogos desenvolvidos pelos estudantes das escolas municipais de S\u00e3o Leopoldo, bem como para oportunizar que estes estudantes realizem oficinas para os [&hellip;]<\/p>\n","protected":false},"author":1,"featured_media":0,"parent":0,"menu_order":0,"comment_status":"closed","ping_status":"closed","template":"","meta":[],"_links":{"self":[{"href":"https:\/\/www.unisinos.br\/wlc\/wp-json\/wp\/v2\/pages\/1603"}],"collection":[{"href":"https:\/\/www.unisinos.br\/wlc\/wp-json\/wp\/v2\/pages"}],"about":[{"href":"https:\/\/www.unisinos.br\/wlc\/wp-json\/wp\/v2\/types\/page"}],"author":[{"embeddable":true,"href":"https:\/\/www.unisinos.br\/wlc\/wp-json\/wp\/v2\/users\/1"}],"replies":[{"embeddable":true,"href":"https:\/\/www.unisinos.br\/wlc\/wp-json\/wp\/v2\/comments?post=1603"}],"version-history":[{"count":11,"href":"https:\/\/www.unisinos.br\/wlc\/wp-json\/wp\/v2\/pages\/1603\/revisions"}],"predecessor-version":[{"id":2279,"href":"https:\/\/www.unisinos.br\/wlc\/wp-json\/wp\/v2\/pages\/1603\/revisions\/2279"}],"wp:attachment":[{"href":"https:\/\/www.unisinos.br\/wlc\/wp-json\/wp\/v2\/media?parent=1603"}],"curies":[{"name":"wp","href":"https:\/\/api.w.org\/{rel}","templated":true}]}}