{"id":673,"date":"2021-03-21T17:55:15","date_gmt":"2021-03-21T20:55:15","guid":{"rendered":"https:\/\/www.unisinos.br\/seedinglab\/?page_id=673"},"modified":"2021-11-30T21:30:12","modified_gmt":"2021-11-30T23:30:12","slug":"jornada","status":"publish","type":"page","link":"https:\/\/www.unisinos.br\/seedinglab\/jornada\/","title":{"rendered":"Jornada de Estudos Avan\u00e7ados em Design Estrat\u00e9gico"},"content":{"rendered":"<p><strong>Sobre as Jornadas<\/strong><\/p>\n<p>O grupo de pesquisa Design Estrat\u00e9gico para a Inova\u00e7\u00e3o Cultural e Social (GPDEICS)<em>, <\/em>do Programa de P\u00f3s-Gradua\u00e7\u00e3o em Design da Unisinos, vem desenvolvendo pesquisas de mestrado e doutorado sobre temas centrais e correlatos em rela\u00e7\u00e3o a <em>design<\/em>, <strong><em>ecossistemas criativos<\/em>, <em>inova\u00e7\u00e3o cultural<\/em><\/strong> e <strong><em>sociedade<\/em><\/strong> sob a perspectiva cr\u00edtica do design s\u00f3cio-humanista. Esses diversos pontos de vista e tem\u00e1ticas variadas em diferentes n\u00edveis de desenvolvimento v\u00eam recebendo aten\u00e7\u00e3o da comunidade acad\u00eamica em sess\u00f5es p\u00fablicas promovidas pelas <em>Jornadas<\/em>. Esse tem sido o espa\u00e7o por excel\u00eancia para a apresenta\u00e7\u00e3o e discuss\u00e3o dos trabalhos desenvolvidos nessas tem\u00e1ticas por mestrandos e doutorandos, a partir da linha de pesquisa em Design Estrat\u00e9gico.<\/p>\n<p>A Jornada de Estudo \u00e9 um espa\u00e7o de debate e de reflex\u00e3o cr\u00edtica sobre quest\u00f5es que envolvem a pesquisa e a pr\u00e1tica do design.<\/p>\n<p><strong>Objetivos<\/strong><\/p>\n<ul>\n<li>Apresentar os trabalhos desenvolvidos por mestrandos e doutorandos sob a perspectiva do Design Estrat\u00e9gico.<\/li>\n<li>Propor quest\u00f5es e discutir perspectivas te\u00f3rico-metodol\u00f3gicas para a pesquisa em Design Estrat\u00e9gico.<\/li>\n<li>Proporcionar um espa\u00e7o de estudos avan\u00e7ados e comunica\u00e7\u00e3o do trabalho desenvolvido na universidade, e fomentar o relacionamento e a articula\u00e7\u00e3o entre as pesquisas desenvolvidas no PPG Design Unisinos.<\/li>\n<\/ul>\n<p><strong>Veja Aqui:<\/strong><\/p>\n<ul>\n<li><a href=\"https:\/\/www.unisinos.br\/seedinglab\/wp-content\/uploads\/2021\/03\/Caderno-Jornada.pdf\">Caderno da V Jornada [2021]<\/a><\/li>\n<li><a href=\"https:\/\/www.unisinos.br\/seedinglab\/wp-content\/uploads\/2021\/03\/caderno_IV_jornada_de_2020.pdf\" target=\"_blank\">Caderno da IV Jornada [2020]<\/a><\/li>\n<li><a href=\"https:\/\/www.unisinos.br\/seedinglab\/wp-content\/uploads\/2021\/03\/caderno_III_jornada_de_2019.pdf\" target=\"_blank\">Caderno da III Jornada [2019]<\/a><\/li>\n<li><a href=\"https:\/\/www.unisinos.br\/seedinglab\/wp-content\/uploads\/2019\/02\/Caderno_II_Jornada_DE_2018.pdf\" target=\"_blank\">Caderno da II Jornada [2018]<\/a><\/li>\n<li><a href=\"https:\/\/www.unisinos.br\/seedinglab\/wp-content\/uploads\/2021\/03\/caderno_I_jornada_de_2017.pdf\" target=\"_blank\">Caderno da I Jornada\u00a0[2017]<\/a><\/li>\n<\/ul>\n<p>&nbsp;<\/p>\n<p><strong>Informa\u00e7\u00f5es detalhadas das Jornadas:<\/strong><\/p>\n<ul>\n<li><a href=\"https:\/\/www.unisinos.br\/seedinglab\/jornada-de-estudos-avancados-em-design-estrategico-2021\/\">V\u00a0 Jornada de Estudos [2021]<\/a><\/li>\n<li><a href=\"https:\/\/www.unisinos.br\/seedinglab\/jornada\/jornada2020\/\">IV Jornada de Estudos [2020]<\/a><\/li>\n<li><a href=\"https:\/\/www.unisinos.br\/seedinglab\/jornada\/jornada2019\/\">III Jornada de Estudos\u00a0[2019]<\/a><\/li>\n<li><a href=\"https:\/\/www.unisinos.br\/seedinglab\/jornada\/jornada2018\/\">II\u00a0 Jornada de Estudos\u00a0[2018]<\/a><\/li>\n<li><a href=\"https:\/\/www.unisinos.br\/seedinglab\/jornada\/jornada2017\/\">I\u00a0\u00a0 Jornada de Estudos [2017]<\/a><\/li>\n<\/ul>\n<p>&nbsp;<\/p>\n","protected":false},"excerpt":{"rendered":"<p>Sobre as Jornadas O grupo de pesquisa Design Estrat\u00e9gico para a Inova\u00e7\u00e3o Cultural e Social (GPDEICS), do Programa de P\u00f3s-Gradua\u00e7\u00e3o em Design da Unisinos, vem desenvolvendo pesquisas de mestrado e doutorado sobre temas centrais e correlatos em rela\u00e7\u00e3o a design, ecossistemas criativos, inova\u00e7\u00e3o cultural e sociedade sob a perspectiva cr\u00edtica do design s\u00f3cio-humanista. Esses diversos &hellip; <a href=\"https:\/\/www.unisinos.br\/seedinglab\/jornada\/\" class=\"more-link\">Continue lendo <span class=\"screen-reader-text\">Jornada de Estudos Avan\u00e7ados em Design Estrat\u00e9gico<\/span><\/a><\/p>\n","protected":false},"author":10,"featured_media":0,"parent":0,"menu_order":0,"comment_status":"closed","ping_status":"closed","template":"","meta":{"footnotes":""},"class_list":["post-673","page","type-page","status-publish","hentry","without-featured-image"],"_links":{"self":[{"href":"https:\/\/www.unisinos.br\/seedinglab\/wp-json\/wp\/v2\/pages\/673","targetHints":{"allow":["GET"]}}],"collection":[{"href":"https:\/\/www.unisinos.br\/seedinglab\/wp-json\/wp\/v2\/pages"}],"about":[{"href":"https:\/\/www.unisinos.br\/seedinglab\/wp-json\/wp\/v2\/types\/page"}],"author":[{"embeddable":true,"href":"https:\/\/www.unisinos.br\/seedinglab\/wp-json\/wp\/v2\/users\/10"}],"replies":[{"embeddable":true,"href":"https:\/\/www.unisinos.br\/seedinglab\/wp-json\/wp\/v2\/comments?post=673"}],"version-history":[{"count":11,"href":"https:\/\/www.unisinos.br\/seedinglab\/wp-json\/wp\/v2\/pages\/673\/revisions"}],"predecessor-version":[{"id":804,"href":"https:\/\/www.unisinos.br\/seedinglab\/wp-json\/wp\/v2\/pages\/673\/revisions\/804"}],"wp:attachment":[{"href":"https:\/\/www.unisinos.br\/seedinglab\/wp-json\/wp\/v2\/media?parent=673"}],"curies":[{"name":"wp","href":"https:\/\/api.w.org\/{rel}","templated":true}]}}