{"id":14,"date":"2016-06-20T15:31:00","date_gmt":"2016-06-20T15:31:00","guid":{"rendered":"https:\/\/seedinglab.wordpress.com\/?page_id=14"},"modified":"2021-09-28T17:14:28","modified_gmt":"2021-09-28T20:14:28","slug":"biblioteca","status":"publish","type":"page","link":"https:\/\/www.unisinos.br\/seedinglab\/biblioteca\/","title":{"rendered":"Publica\u00e7\u00f5es"},"content":{"rendered":"<p><a href=\"https:\/\/www.unisinos.br\/seedinglab\/index.php\/biblioteca\/apresentacoes\/\">APRESENTA\u00c7\u00d5ES<\/a><\/p>\n<p><a href=\"https:\/\/www.unisinos.br\/seedinglab\/index.php\/biblioteca\/artigos\/\">ARTIGOS<\/a><\/p>\n<p><a href=\"https:\/\/www.unisinos.br\/seedinglab\/index.php\/biblioteca\/livros\/\">LIVROS<\/a><\/p>\n<p><a href=\"https:\/\/redesdeprojeto.wordpress.com\/\">REDES DE PROJETO <\/a><\/p>\n<p><a href=\"http:\/\/www.desis-network.org\/\">DESIS NETWORK<\/a><\/p>\n<p><a href=\"https:\/\/www.unisinos.br\/seedinglab\/biblioteca\/relatorios\/\">RELAT\u00d3RIOS<\/a><\/p>\n","protected":false},"excerpt":{"rendered":"<p>APRESENTA\u00c7\u00d5ES ARTIGOS LIVROS REDES DE PROJETO DESIS NETWORK RELAT\u00d3RIOS<\/p>\n","protected":false},"author":1,"featured_media":0,"parent":0,"menu_order":0,"comment_status":"closed","ping_status":"closed","template":"","meta":{"footnotes":""},"class_list":["post-14","page","type-page","status-publish","hentry","without-featured-image"],"_links":{"self":[{"href":"https:\/\/www.unisinos.br\/seedinglab\/wp-json\/wp\/v2\/pages\/14","targetHints":{"allow":["GET"]}}],"collection":[{"href":"https:\/\/www.unisinos.br\/seedinglab\/wp-json\/wp\/v2\/pages"}],"about":[{"href":"https:\/\/www.unisinos.br\/seedinglab\/wp-json\/wp\/v2\/types\/page"}],"author":[{"embeddable":true,"href":"https:\/\/www.unisinos.br\/seedinglab\/wp-json\/wp\/v2\/users\/1"}],"replies":[{"embeddable":true,"href":"https:\/\/www.unisinos.br\/seedinglab\/wp-json\/wp\/v2\/comments?post=14"}],"version-history":[{"count":8,"href":"https:\/\/www.unisinos.br\/seedinglab\/wp-json\/wp\/v2\/pages\/14\/revisions"}],"predecessor-version":[{"id":801,"href":"https:\/\/www.unisinos.br\/seedinglab\/wp-json\/wp\/v2\/pages\/14\/revisions\/801"}],"wp:attachment":[{"href":"https:\/\/www.unisinos.br\/seedinglab\/wp-json\/wp\/v2\/media?parent=14"}],"curies":[{"name":"wp","href":"https:\/\/api.w.org\/{rel}","templated":true}]}}